13). Let x = h + -29. What is the highest common divisor of x and m?
6
Let v = 95 - 178. Let m = -23 - v. Calculate the highest common divisor of 24 and m.
12
Let p be 0*(45/10 + -4). Suppose p = -2*m + 71 - 11. What is the highest common divisor of m and 90?
30
Let v(s) = 4*s - 5. Let h be v(5). Suppose -23*t - 115 = -a - 28*t, -5*t - 245 = -3*a. Calculate the greatest common factor of a and h.
15
Suppose -s - 1 = -0*s + k, -k - 5 = -s. What is the highest common factor of s and 286?
2
Let i be 1 + (-40)/4 - -3. Let r = i - -24. What is the highest common divisor of 18 and r?
18
Let a(u) = 10*u**2 - 19*u - 123. Let l be a(9). What is the greatest common divisor of 215 and l?
43
Suppose t = -t + 42. Let w = 349 - 307. What is the greatest common divisor of w and t?
21
Suppose -13*v - 297 = -22*v. What is the highest common factor of v and 264?
33
Suppose -22*k - 132 = -19*k. Let t be (0 - 3)/(6/k). Suppose -5*j - 4*c + 53 = -14, -5*c = 3*j - 48. What is the greatest common factor of t and j?
11
Suppose 0 = -2*g + 35 - 29. Let w be (-4)/(-1) + 4/(-2). Suppose -w*v - g*b = -34, 0*v - b = -2*v + 26. What is the highest common divisor of v and 35?
7
Let t(h) = 133*h - 52. Let j be t(4). Calculate the greatest common divisor of j and 30.
30
Let p(m) = 3*m**2 + 19*m + 10. Let i be p(-8). Suppose -4 = 3*y - 19. What is the highest common factor of y and i?
5
Let z(p) = -12*p + 2 - 3 - 2. Let j be z(3). Let u be (-3)/(j/12 - -3). What is the greatest common factor of u and 30?
6
Let t = 8 - 6. Suppose 3*k + 4*x - 46 = 0, t*k - 2*x + 10 = 36. Suppose 4*s + 8 = 0, y - s = -5*s + k. Calculate the greatest common factor of y and 132.
22
Suppose -6*w = -2*w - 276. Let t = -73 - -96. Calculate the greatest common factor of w and t.
23
Let i(f) = -15*f - 115. Let d be i(-9). Suppose 2 + 10 = 3*n. What is the greatest common divisor of d and n?
4
Suppose 54 = 2*k - 36. Calculate the highest common divisor of k and 6.
3
Let n = -40 + 41. Let m be (n + (-10)/4)/(6/(-176)). Calculate the highest common divisor of m and 11.
11
Suppose 2*w - 1065 = -3*w - 5*d, 0 = 4*w - 4*d - 884. Suppose 19*z = 11*z + 248. What is the highest common factor of z and w?
31
Let t = -307 - -391. Calculate the greatest common divisor of 56 and t.
28
Suppose 4*t - 48 = -4. Suppose 16*y = t*y + 240. Calculate the greatest common factor of y and 120.
24
Suppose 7*j = 3*j + 196. Suppose 4*n + 38 = 2*g, 2*g + g - 2*n - 45 = 0. Let m = g - 6. Calculate the greatest common divisor of j and m.
7
Suppose 0 = -5*t + 60 - 10. Suppose 2*y = 5*n - 6 - 26, 5*y = -5*n - t. Let w be 3/1*(-256)/y. What is the highest common factor of w and 16?
16
Let u = -1 - -1. Let r be u + 6*(22 + 0). Suppose -5*t - 2*s + 64 = 0, -4*s + 92 = -6*t + 13*t. What is the greatest common factor of t and r?
12
Let b = -84 + 106. Let x(w) = 54*w**3 + w**2 + w - 1. Let h be x(1). Calculate the highest common factor of h and b.
11
Let r be 5/(10/26) + -4. Let l(i) = 6*i**2 - 8*i + 8. Let y be l(4). Calculate the highest common divisor of r and y.
9
Suppose 4*v - 97 = -5*r, r + 40 = v - 3*r. Calculate the greatest common factor of v and 224.
28
Let a = -40 + 45. Let p(i) = 9*i**2 + i - 10. Let y be p(a). What is the highest common factor of 20 and y?
20
Let y = 2015 + -2009. Suppose -2*r - r = -126. Calculate the greatest common divisor of r and y.
6
Suppose 45*m = -32*m + 35420. What is the greatest common factor of m and 69?
23
Suppose 0 = 2*c - 3*m - 118, -3*m = -4*c - 0*m + 242. Suppose 323 + c = 7*a. Calculate the highest common divisor of a and 5.
5
Let v(f) = f - 3. Let l be v(5). Suppose 5*m - 4*d + 2*d + 72 = 0, -m - l*d = 24. Let q = -5 - m. What is the greatest common factor of 44 and q?
11
Let t(y) = 3*y**2 + 4*y - 49. Let i be t(5). What is the highest common divisor of i and 138?
46
Suppose 111*o = 113*o + 2*u - 1148, -u + 1722 = 3*o. Calculate the greatest common factor of o and 14.
14
Let z = -266 - -281. What is the highest common divisor of 105 and z?
15
Let g = -568 + 590. Calculate the highest common factor of g and 198.
22
Suppose -3*l - 41 = -2*c - 11, l = -2. Calculate the highest common factor of 84 and c.
12
Let u be 4 + 72/(-20) - 4986/(-10). Suppose -5*v = -4*k + u, -2*v - 202 = -4*k + 300. What is the greatest common divisor of k and 14?
14
Let q(m) = -m + 43. Let o be q(-18). Suppose 2*t - 19 = o. What is the highest common factor of 100 and t?
20
Suppose 45*w - 52*w + 420 = 0. What is the greatest common divisor of w and 36?
12
Let i(q) = 6*q**2 + 10*q - 5. Let x be i(-5). Let r = x - 10. Suppose -u = 2 - 36. What is the highest common divisor of r and u?
17
Let d = -243 + 263. Let j(p) be the second derivative of -p**4/12 + 4*p**3/3 - p**2 - 3*p. Let o be j(7). Calculate the greatest common divisor of d and o.
5
Let l(y) = -14*y + 16. Let z be l(-13). Suppose 3*o + 5*q = 29, -3*o + 4*o - 23 = q. What is the greatest common factor of o and z?
18
Suppose 22 + 90 = 7*n. Calculate the highest common divisor of n and 16.
16
Let m be 8/6*(-24)/(-16). Let o = 3 + m. Calculate the greatest common divisor of 5 and o.
5
Let q(u) = -23*u + 472. Let m be q(16). Calculate the highest common divisor of 130 and m.
26
Suppose -39 = -5*i + 76. Let b = 9 - i. Let d = 35 + b. What is the highest common divisor of 126 and d?
21
Let n be 4 + (-7)/((-21)/6). Let q(r) = 3*r + 1. Let g be q(n). What is the highest common factor of 76 and g?
19
Let p = 479 + -179. What is the greatest common divisor of 20 and p?
20
Let d(w) = -17*w - 109. Let o be d(-7). Calculate the highest common divisor of 58 and o.
2
Let i(g) = -68*g + 317. Let o be i(4). Let v be (-317)/(-7) + 4/(-14). Calculate the greatest common factor of v and o.
45
Let o = 68 - 67. Let s be o/((1/(-24))/(4/(-8))). Let m be 3 - 1 - -107 - 1. What is the highest common divisor of m and s?
12
Suppose 0 = -3*a + 181 - 154. Calculate the highest common divisor of 279 and a.
9
Let i(c) = c**3 + 21*c**2 + 20*c + 8. Let d be i(-20). Let q be -26*((-20)/d)/5. Calculate the highest common factor of 117 and q.
13
Let f(z) = -2*z - 15. Let l be f(-9). Suppose l*g - 38 = 7. What is the greatest common factor of 10 and g?
5
Let q be ((-2394)/10)/(969/170 + -6). What is the greatest common divisor of q and 84?
42
Let t be (-748)/(-22) - (-3)/((-6)/8). What is the highest common factor of 96 and t?
6
Let j(u) = 54*u - 94. Let s be j(6). What is the highest common divisor of 46 and s?
46
Let t = -32 + 33. Let m be (2 - (-6 + t))*(-8)/(-4). Calculate the highest common divisor of m and 28.
14
Suppose -5*a = -z + 37 - 252, 4*a = -5*z + 143. Let o = 4 - 11. Let d be o*1*2/(-2). What is the highest common factor of a and d?
7
Let p(h) = 2*h**3 - 2*h**2 + 2*h + 2. Let a be p(4). What is the greatest common factor of 159 and a?
53
Let m = 244 + -102. Calculate the highest common divisor of m and 71.
71
Suppose 0 = 4*j - 594 + 582. Let o(p) = -3*p. Let t be o(-5). Calculate the highest common factor of t and j.
3
Suppose -4*v = 25 - 1. Let h = 4 + 6. Let k = h + v. What is the highest common divisor of 4 and k?
4
Let s(u) = u**2 + 14*u + 16. Suppose -2*f + 0*g - 2*g = 36, 2*g - 3 = f. Let o be s(f). Calculate the highest common factor of 3 and o.
3
Suppose -19*v - 499 = -7491. Calculate the highest common factor of 40 and v.
8
Suppose 0 = -5*f + 5*a + 325, 137 + 277 = 6*f + 2*a. Calculate the greatest common divisor of f and 17.
17
Suppose 10*k = 11*k. Suppose k*g = g - 27. Calculate the greatest common factor of g and 18.
9
Let l(g) = -g**3 - 10*g**2 + 3*g - 40. Let d be l(-11). What is the highest common divisor of d and 960?
48
Let w = -136 - -556. Calculate the highest common factor of w and 105.
105
Let j(b) = 6*b**2 - 3*b + 5. Let o be j(2). Let i(q) = 6*q**2 + q + 1. Let s be i(-2). What is the greatest common divisor of s and o?
23
Let j be (0 - -1) + 1742/143*11. What is the greatest common factor of 120 and j?
15
Let g(t) = -41*t + 60. Let m be g(-4). What is the highest common divisor of m and 784?
112
Let a be -123*((-7)/(-21) - 6). What is the highest common divisor of a and 51?
17
Let z be (-1 + 1 + 34)/((-52)/(-104)). Calculate the highest common divisor of z and 4.
4
Let x be (-15)/(1/((-228)/18)). What is the highest common factor of x and 38?
38
Let t = 4 - 1.